ppose -3*b + 15 + a = 0. What are the prime factors of b?
7
Let h(a) = -a**2 - 4*a + 3. Suppose -3*d = d + 4*g, -4*g = -3*d - 35. Let j be h(d). List the prime factors of j/11 + 101/11.
3
Let y(w) be the third derivative of -w**6/120 - 11*w**5/60 - w**4/12 + 2*w**3/3 + 3*w**2. List the prime factors of y(-11).
2, 13
Suppose 0 = -11*n + 7*n - 212. Let h = 85 + n. List the prime factors of h.
2
Let f(i) = -i**3 - 15*i**2 - 2*i + 2. What are the prime factors of f(-15)?
2
Let c(o) = o**3 - 2*o**2 + 5. What are the prime factors of c(3)?
2, 7
List the prime factors of (32/40)/((-1)/(-70)).
2, 7
Let d = 69 + 66. List the prime factors of d.
3, 5
Let d(l) = -l**3 - 7*l**2 + 9*l + 12. Let r be d(-8). List the prime factors of (-50)/r*(-16)/5.
2, 5
Let d(h) = -3*h**3 - 12*h**2 - 4*h - 6. Let q(y) = y**3 + y**2 + y - 1. Let m(l) = -d(l) - 4*q(l). List the prime factors of m(8).
2, 5
Let z be (-4)/10 + 4/10. Let f be (z - -3*1) + 0. Suppose -40 = -5*q + 5*r - 15, 0 = -f*r - 9. List the prime factors of q.
2
Let i = -13 + 21. What are the prime factors of i?
2
Let c(u) = -11*u - 40. What are the prime factors of c(-12)?
2, 23
Let g be 12*(0 - 12/16). What are the prime factors of (21/g + 2)*-9?
3
List the prime factors of 1*(10 + -4)*124/6.
2, 31
Let v = 11 - 15. Let p = v + 13. Suppose -3*h + p = -15. What are the prime factors of h?
2
Suppose x - 107 = -2*x + d, -d = -4*x + 141. Suppose -3*v - 107 = 5*s, 5*v = v + 4. Let g = x + s. What are the prime factors of g?
2, 3
Let m be ((-2)/(-6))/((-5)/(-45)). Suppose -m*j = 11 - 41. List the prime factors of j.
2, 5
Let r = -10 + 6. What are the prime factors of (-1)/r - 150/(-8)?
19
Let b(k) = -k**3 + 6*k**2 - 4*k + 6. Suppose -3*q + 8*q = -20. Let a be 18/4 + (-2)/q. List the prime factors of b(a).
11
Suppose -5*i + 2 + 18 = 0. List the prime factors of i.
2
Let d = 7 - 4. Suppose -d*b = -b - 20. What are the prime factors of b?
2, 5
Let a = 1 + 2. Suppose -1 = -a*i - u + 43, -4*u + 41 = 3*i. List the prime factors of (-2 - 2)*i/(-4).
3, 5
Suppose -9 - 1 = 5*k. Let u be 20/k - (1 - 2). Let j(d) = d**3 + 10*d**2 + 7*d. What are the prime factors of j(u)?
2, 3
Let m(u) = -u**3 - u**2 + u + 1. Let o be m(-2). Suppose 5*h - 4*f = 2, -5*h - 2*f - o = 13. List the prime factors of (-6)/(-4) + (-1)/h.
2
Let h = 110 - -30. What are the prime factors of h?
2, 5, 7
Let m(x) = x**3 + 4*x**2 - 6*x + 27. What are the prime factors of m(-5)?
2
Suppose -36 = 5*k - 186. Suppose 4*w - k = 18. What are the prime factors of w?
2, 3
Let b(y) = -3*y**3 + 4*y**2 - 13*y + 10. Let n(q) = -q**3 + q**2 - 4*q + 3. Let g(m) = -2*b(m) + 7*n(m). What are the prime factors of g(-3)?
5
Let y be 24/(-9) - (-1)/(-3). What are the prime factors of (y - -1) + (-1 - -13)?
2, 5
What are the prime factors of 4/(-4)*3 - -51?
2, 3
List the prime factors of 230/3 + 18/(-27).
2, 19
Let b = -31 - -195. What are the prime factors of b?
2, 41
Suppose -7 = -2*c + 2*w - 3, -5*w = 10. Suppose c = 8*t - 4*t + 8. List the prime factors of 0 + (-3 - t) - -8.
7
Let j = -2 + 5. Suppose 2*o + 80 = 4*i, -3*i + 34 = -j*o - 32. List the prime factors of i.
2, 3
Suppose -205 = -4*r - 57. List the prime factors of r.
37
Let r = 165 + -72. What are the prime factors of r?
3, 31
Let v = 1 + -10. Suppose 5*k + 0 = -5. Let g = k - v. What are the prime factors of g?
2
Let l(c) = -c**3 - 3*c**2 - 2*c. Let p be l(-2). Suppose p = r - 13 - 13. What are the prime factors of r?
2, 13
Let m = 101 - -27. Suppose -2*o + m = 38. Suppose 4*q - o = -q. List the prime factors of q.
3
Suppose d + 2*c - 5*c - 59 = 0, 2*c + 64 = d. List the prime factors of d.
2, 37
Suppose -2*f + 5 = -y, y = -0*y + 4*f - 11. What are the prime factors of (-1 - (12 + y))*-1?
2, 7
List the prime factors of (-20)/(-10) + (-3)/(-3).
3
Let g(b) = b**2 + 7*b + 3. Let y = 16 + -22. Let d be g(y). Let p = 9 - d. List the prime factors of p.
2, 3
Suppose 243 = 3*l - 162. List the prime factors of l.
3, 5
What are the prime factors of 2/(-9) + 3096/81?
2, 19
Let k(s) = s**2 - 2*s - 1. Let r = -2 + 2. Let p be -1*(-3)/(-3) - r. List the prime factors of k(p).
2
Suppose 10*z - 1357 = -67. What are the prime factors of z?
3, 43
What are the prime factors of ((-25)/(-2))/(2/12)?
3, 5
Let b be (3 - 4)/(-3)*9. Suppose -q + 73 = 2*z, -2*z - 2*z + 131 = -b*q. List the prime factors of z.
5, 7
Suppose 3*s = s - 3*b, 0 = -2*b. Suppose s = -5*n - 2*r + 243, 2*r = 3*n - 136 + 3. List the prime factors of n.
47
Let y(c) = -3*c - 2. Let x(b) = -1. Let s(u) = x(u) - y(u). Let g be s(3). What are the prime factors of ((-4)/g)/((-2)/60)?
2, 3
Suppose -37 - 16 = -v. What are the prime factors of v?
53
Suppose -b + d = -0*b + 3, 3*b - 2*d = -6. Suppose 0 = -b*g - 5*g + 10. List the prime factors of -5 + 20 - 4/g.
13
List the prime factors of (-3)/2*(-6 - 20).
3, 13
List the prime factors of (2 - 1)*(6 + 12).
2, 3
Suppose 28 = -4*f + 4. Let o(b) = -b**2 - 8*b - 2. List the prime factors of o(f).
2, 5
Let b = 182 - 163. List the prime factors of b.
19
Let d(g) = -g**2 - 9*g - 8. Let h be d(-8). Suppose -3*r - n + 30 = h, -67 = -7*r + 2*r + 4*n. List the prime factors of r.
11
Suppose -70 + 202 = 3*k. List the prime factors of (k/(-20))/(3/(-15)).
11
Suppose 7*x = 12*x - 425. List the prime factors of x.
5, 17
Suppose 2*a = -3*a - 135. What are the prime factors of a/6*2*-1?
3
Let s(i) = -i**2 - 9*i - 10. Suppose 0 = -0*a - a - 8. Let v = a - -1. What are the prime factors of s(v)?
2
Let a(s) = 111 + 2*s - 116 - 3*s. Suppose -2*d = 5 + 9. List the prime factors of a(d).
2
Let k(i) = -62*i**3 - i**2 - 2*i - 2. List the prime factors of k(-1).
61
Let d = -390 - -654. Suppose -4*p - 64 = -d. Suppose -p = -3*g - 2*g. What are the prime factors of g?
2, 5
Let w(p) = 2*p + 11. Suppose -2*n = z - 2*z + 20, 12 = -n + z. Let x be w(n). Let i(o) = o**3 + 5*o**2 - 2*o + 2. List the prime factors of i(x).
2, 3
Suppose -3*p + 0 = -3. Let c(h) be the first derivative of h**3 + h**2 - h - 1. List the prime factors of c(p).
2
Suppose 2*m = -8, 0*b + m + 14 = -2*b. Let z(o) = o**2 + 6*o + 2. Let l be z(b). Let w = 10 + l. What are the prime factors of w?
7
Suppose -6*y = 5*y - 4246. List the prime factors of y.
2, 193
Suppose 0 = -3*x + 3*n + 234, -2*x + 144 = -0*x + 4*n. What are the prime factors of x?
2, 19
Let c(h) = -h + 7. Let m be c(5). Suppose 5*w = 12 + 8, -52 = -m*f - 5*w. List the prime factors of f.
2
Let g(z) = -z**3 + 8*z**2 + 2*z - 6. Suppose -j - 3*j = -32. Let k be g(j). Suppose 3*i - 25 = -k. What are the prime factors of i?
5
Let m(y) = 5*y**2 - 3*y - 8. What are the prime factors of m(-2)?
2, 3
Let a(j) = 34*j**2 - j + 1. List the prime factors of a(1).
2, 17
Let k(s) = s**3 + 8*s**2 - 10*s + 5. List the prime factors of k(-9).
2, 7
List the prime factors of 277/11 - (-20)/(-110).
5
Let r = -31 - -22. List the prime factors of (20/(-12))/(1/r).
3, 5
Let i be (25 - 0)*(-3 - -1). Let p = -28 - i. What are the prime factors of p?
2, 11
Let o = -256 + 477. List the prime factors of o.
13, 17
Let a(u) = -u + 1. Let z be a(2). Let q = 0 + z. What are the prime factors of (q - -2) + -2 + 3?
2
Suppose 33 = r + 2*v - 7*v, -v = 0. List the prime factors of r.
3, 11
Let p be (-9)/7 + (-6)/(-21). Let j = p + 11. List the prime factors of j.
2, 5
Let j = 9 + 75. What are the prime factors of j?
2, 3, 7
Let k(r) = r + 7 - 3 + 2. What are the prime factors of k(6)?
2, 3
Let d(m) = -m**3 + 15*m**2 - 13*m + 20. List the prime factors of d(14).
2, 17
Suppose -b = -5*b - 56. Suppose 5*f = 56 + 44. Let q = b + f. List the prime factors of q.
2, 3
Let c(d) = -d**3 - 8*d**2 + 7*d + 4. List the prime factors of c(-9).
2, 11
Let f(n) = -n**3 - 8*n**2 + 8. Let p be f(-8). Let v = 21 - p. List the prime factors of v.
13
Let o = 5 - -1. Suppose -4*s - b = -12, -3*s + 3*b = -5*s + o. Let z = s - -6. List the prime factors of z.
3
Suppose -2*h + g - 3 = 0, 5*g = -h + 6*h + 5. List the prime factors of -3 + 19 + 4/h.
2, 7
Let l(y) = -y - 2. Let s be l(7). Suppose 42 = -7*o - 0. What are the prime factors of 5 + -2*s/o?
2
Let z(u) = -u**2 + 5*u - 3. Let k be z(4). Let m = k - 2. List the prime factors of m/((-1)/(-7)*-1).
7
Let a be 2 + -2 + -1 + 4. Suppose 0 = 5*l - 3*t - 12, -2 = -5*t + a. Suppose 2*g + 12 = 2*f, -2*g + 4*g - l = -f. What are the prim